actor of 35 and q.
5
Let j = 31 - 27. Suppose j*r - 2*r = 4. Suppose -3*f + 5*b + 366 = -r*f, -3*b = 4*f - 1349. Calculate the highest common divisor of f and 31.
31
Suppose 12 = -3*g, -4*n + g - 4 = 5*g. Suppose 3*a + 66 = n*w, 3*w = -2*w - 4*a + 92. Calculate the greatest common factor of 30 and w.
10
Suppose 0 = 24*x - 29*x + 20. Let r = x + 8. What is the highest common divisor of 54 and r?
6
Suppose -128*h = -135*h + 4655. Calculate the highest common divisor of h and 35.
35
Let l = 60 + -48. Suppose 0 = -0*w + w - 132. What is the highest common factor of w and l?
12
Suppose 24 = m - 4*r, 7*m + 2*r = 4*m + 128. Suppose 4*u = -u - 20, n = 3*u + m. What is the highest common divisor of 7 and n?
7
Suppose 586 + 1485 = 4*g - 3*d, -2*d = g - 526. Calculate the highest common factor of g and 20.
20
Suppose -p + 85 = 4*p. Let l = 48 + -47. Let n be (-3)/(-9) + l/(-9)*-303. Calculate the greatest common factor of p and n.
17
Suppose -5*l - 5*c + 10 = 0, 1 = 2*l - 4*c + 3*c. Let b(o) = -o**2 - 7*o + 3. Let u be b(-6). What is the greatest common divisor of l and u?
1
Let v = 1 - -2. What is the highest common divisor of v and 24?
3
Suppose 0 = -6*z + 29 - 17. Let u = 6 - 3. What is the greatest common factor of u and z?
1
Let c be 0/((-2)/(-1)) + 0. Let q be 8*(c + 2/8). Suppose q*n - 3*n = -39. What is the highest common factor of 13 and n?
13
Let b(n) = -n - 2. Let r be (-15 - -18)/(6/(-4)). Let j be b(r). Suppose j = -2*s - 1 + 5. What is the greatest common divisor of 16 and s?
2
Let k(d) = -15*d - 16. Let h be k(-8). What is the greatest common factor of h and 52?
52
Suppose 0 = 2*u + 3*i - 27, 11*u - 6*u + 3*i - 45 = 0. What is the greatest common divisor of 24 and u?
6
Let b = 1171 + -1160. Let d be (-1)/3*(0 - 6). Let w(v) = 7*v**3 + v**2 - 3*v + 1. Let k be w(d). What is the greatest common factor of b and k?
11
Let p = -65 + 261. What is the highest common factor of 84 and p?
28
Suppose -53*h = -50*h - 24. What is the greatest common factor of 32 and h?
8
Suppose -y - 4*y + 35 = 0. Let t(v) = -v**3 + 13*v**2 - 10*v - 10. Let u be t(9). Suppose 2*s + 2*s = u. Calculate the highest common divisor of s and y.
7
Let v = 14 + -8. Suppose -v*b + 2*b = -3*r - 209, 4*b + r - 229 = 0. Calculate the greatest common factor of b and 7.
7
Suppose -50*x + 3*h - 148 = -55*x, 3*h - 3 = 0. What is the greatest common factor of 464 and x?
29
Let m = -1920 + 3306. What is the highest common divisor of 42 and m?
42
Let g be 6/8 - 18/(-72). What is the highest common divisor of g and 11?
1
Suppose 169 - 649 = -6*g. Let a = 75 - 43. What is the highest common factor of g and a?
16
Let v = 953 + -805. What is the greatest common factor of 1 and v?
1
Let o be 3/(-2)*(-4 - (-32)/(-2)). Let z be 67 + (-115)/o + 1/(-6). Calculate the highest common factor of z and 21.
21
Suppose -4*q - 9 = -25. Let l(t) = 0*t - q*t + 4 - 10. Let h be l(-7). What is the greatest common factor of h and 55?
11
Suppose 0 = -2*v + 3*v. Suppose -n = 4, v*d - 2*d - 4*n - 16 = 0. Suppose r - 12 = -d. Calculate the highest common factor of r and 12.
12
Suppose 2*j - 115 = -3*j. Suppose -3*h + 24 = x, -h = x + h - j. Suppose 0 = 158*g - 160*g + 14. What is the greatest common factor of g and x?
7
Suppose -84*w + 96 = -68*w. What is the highest common factor of 81 and w?
3
Suppose 4*g + 2*t - 5*t = 247, t = -3*g + 195. Calculate the highest common factor of 64 and g.
64
Let v be 5/40 + (-5658)/(-48). Calculate the greatest common divisor of 177 and v.
59
Suppose 3*m - 38 = -0*p + p, -4*m + 5*p = -69. Let o = m - -5. Calculate the highest common divisor of 8 and o.
8
Let a(b) = -b**3 + 6*b**2 + 2*b - 1. Let t be 5/25 - 29/(-5). Let w be a(t). Calculate the greatest common divisor of 1 and w.
1
Suppose 132 = -a + 13*a. Suppose 391 = a*z + 83. Calculate the highest common factor of 7 and z.
7
Suppose 3*y - 318 = -5*n, -25*n - 3*y = -23*n - 129. Calculate the greatest common divisor of n and 1029.
21
Let h be 10 + -2*(-12 + -1). What is the greatest common divisor of h and 576?
36
Let d be (-3)/((52/(-64))/13). What is the greatest common divisor of d and 36?
12
Let z be 3*20/3 - 7. What is the highest common divisor of z and 1?
1
Let q be (-80)/(-2)*(-2 + 3). Let b = q - 25. Let k be b/(-2)*(-48)/20. What is the greatest common factor of 12 and k?
6
Let t be 1/(18/(-4)) + 58/18. Suppose -t*p - 81 = -321. Let z = -74 + 106. What is the greatest common divisor of p and z?
16
Let a be (-2 - -27) + 4/(-2). Let r = -19 + a. Suppose 0 = -r*m + 5*g + 57, -4*m + 0*g = 3*g - 49. What is the highest common factor of 26 and m?
13
Suppose 0 = 11*v - 198 - 132. What is the highest common factor of v and 75?
15
Let r(k) = -3 + 3*k**2 + 0*k**3 + 4*k + 2*k - k**3. Let u be r(4). Let w be -15*(4/(-7 - -3) + -2). What is the highest common divisor of u and w?
5
Let h be ((-177)/(-3))/(-1) + (-1 - -3). Let w = h + 58. What is the highest common factor of w and 8?
1
Suppose b - 32 = -2*b + 4*v, -4*v - 20 = 0. Suppose 0 = 2*n + 5*r - 8*r - 38, 68 = b*n - 2*r. Calculate the highest common factor of 2 and n.
2
Let s(r) = -3*r - 23. Let v be s(-22). Let c be (v + -4)*(-2)/(-6). What is the highest common divisor of 26 and c?
13
Let m(y) = y**2 - 28*y + 429. Let k be m(0). Calculate the greatest common divisor of k and 33.
33
Let o = 7 + -8. Let y be (o/3)/((-5)/30). Suppose 0 = -y*s + 4*v + 102, s + v = -2*v + 36. Calculate the highest common factor of 5 and s.
5
Suppose -5*n - 4*k + 26 = -4*n, -58 = -5*n - 2*k. Let u = 5 + -6. Let s = n + u. Calculate the greatest common divisor of 9 and s.
9
Suppose -i - 336 = -5*i. Let l = 420 + -280. Suppose -2*u + 7*u - l = 0. Calculate the greatest common divisor of u and i.
28
Suppose 5*q = 3*q - 5*x - 5, 0 = 5*x + 15. Calculate the highest common divisor of 20 and q.
5
Suppose 11 = 4*x - 5*g, 0*g + 8 = x + 4*g. Suppose i + 12 = x*i. Let n(j) = -23*j - 218. Let c be n(-10). Calculate the highest common factor of i and c.
4
Let l(z) = 2*z**2 + 5*z + 14. Let o be l(5). Let a = o - 82. Calculate the highest common divisor of a and 7.
7
Let y = -3738 - -3750. Let d(m) = 39*m + 1. Let b be d(1). Suppose 2*i + g = -3*g + 28, -b = -4*i - 4*g. What is the highest common factor of i and y?
6
Suppose -36 = -5*l + 404. Let k(p) = p**2 - 5*p - 8. Let a be k(7). Let n be (-20)/a*(-12)/5. Calculate the highest common divisor of l and n.
8
Let m be (-15015)/(-75) - 2/10. Calculate the greatest common factor of m and 760.
40
Let r(g) = 14*g. Let u be r(1). Suppose 88*s = 109*s - 1470. What is the highest common divisor of u and s?
14
Suppose -4*i - 76 = 2*f, -f - i - 26 = 17. Let y(c) = -c**3 + 3*c**2 + 4*c - 4. Let n be y(5). Let t = n - f. What is the greatest common factor of 70 and t?
14
Let j(a) = a + 13. Let f be j(-10). Let p = f - 1. Suppose g - 4*i - 8 + 2 = 0, -p*i = 3*g - 4. What is the highest common factor of g and 1?
1
Suppose 5*n - 2*t = 399, -6*t = -9*t + 9. Let l = 29 + -20. Calculate the highest common divisor of n and l.
9
Suppose -4*z - 388 + 76 = 0. Let f = -14 - z. Calculate the greatest common divisor of 8 and f.
8
Let g be (-1 + -1)*(-4 - 18). Suppose 0 = 7*t - g - 40. Suppose -2*y - 7 + 31 = 0. Calculate the highest common factor of y and t.
12
Let j = -2045 - -2181. What is the highest common divisor of 128 and j?
8
Suppose -2*v + 16 = -v. Let x be -3*(40/(-45))/((-10)/(-15)). Calculate the greatest common factor of x and v.
4
Suppose 7*v - 6*v - 3 = 0. Suppose 0 = -8*m - v + 59. Calculate the greatest common factor of m and 1.
1
Let m = 941 + -860. What is the greatest common factor of m and 432?
27
Let m(g) = g**3 + 4*g**2 + 3*g - 2. Let n be m(-3). Let p be 9/n*18/27. Let t(x) = -6*x + 4. Let u be t(p). Calculate the highest common factor of 55 and u.
11
Let a be (112/48)/((-1)/(-9)). Let t = a + -11. Calculate the highest common factor of 20 and t.
10
Let m(i) = -3*i**3 + 12*i**2 + i - 4. Let h be m(4). Suppose 0*w + 2*w - 18 = h. Calculate the greatest common divisor of 3 and w.
3
Let f(o) be the second derivative of 13*o**3/3 - 6*o**2 - 33*o. Let l be f(2). Let k = -13 + 21. What is the highest common factor of l and k?
8
Suppose -5*s - 2*c + 3467 + 1645 = 0, 4*c = 2*s - 2064. What is the highest common divisor of s and 64?
64
Let d(q) = -2*q - 3. Let l be